 remainder when 1394049 is divided by 7?
6
What is the remainder when 43305 is divided by 3936?
9
What is the remainder when 210701 is divided by 301?
1
What is the remainder when 310 is divided by 52?
50
What is the remainder when 3726 is divided by 1821?
84
What is the remainder when 8612 is divided by 2820?
152
Calculate the remainder when 15358 is divided by 1698.
76
Calculate the remainder when 2084 is divided by 504.
68
What is the remainder when 72762 is divided by 27?
24
Calculate the remainder when 2939 is divided by 241.
47
What is the remainder when 535049 is divided by 97?
94
What is the remainder when 723 is divided by 253?
217
Calculate the remainder when 21318 is divided by 17.
0
Calculate the remainder when 48173 is divided by 93.
92
Calculate the remainder when 132209 is divided by 66104.
1
What is the remainder when 2894 is divided by 1204?
486
What is the remainder when 23973 is divided by 1?
0
Calculate the remainder when 27329 is divided by 55.
49
What is the remainder when 25100 is divided by 24?
20
Calculate the remainder when 318974 is divided by 297.
293
What is the remainder when 7259 is divided by 1394?
289
Calculate the remainder when 79670 is divided by 26514.
128
What is the remainder when 6034335 is divided by 992?
991
What is the remainder when 34381 is divided by 177?
43
Calculate the remainder when 12561 is divided by 63.
24
What is the remainder when 3482 is divided by 1514?
454
Calculate the remainder when 8797 is divided by 2123.
305
Calculate the remainder when 9236 is divided by 384.
20
What is the remainder when 2548446 is divided by 112?
110
Calculate the remainder when 58665 is divided by 19554.
3
Calculate the remainder when 573 is divided by 168.
69
Calculate the remainder when 1605 is divided by 1443.
162
What is the remainder when 297168 is divided by 136?
8
Calculate the remainder when 589913 is divided by 18.
17
Calculate the remainder when 10730 is divided by 3575.
5
What is the remainder when 189288 is divided by 94641?
6
What is the remainder when 6167 is divided by 3033?
101
Calculate the remainder when 532 is divided by 181.
170
What is the remainder when 946126 is divided by 259?
258
Calculate the remainder when 62293 is divided by 20763.
4
What is the remainder when 1615 is divided by 1598?
17
Calculate the remainder when 33506 is divided by 43.
9
What is the remainder when 8145 is divided by 627?
621
What is the remainder when 378 is divided by 229?
149
Calculate the remainder when 42649 is divided by 316.
305
Calculate the remainder when 8603 is divided by 74.
19
What is the remainder when 11630 is divided by 88?
14
What is the remainder when 413 is divided by 188?
37
What is the remainder when 2649 is divided by 745?
414
Calculate the remainder when 9774 is divided by 3199.
177
What is the remainder when 1378321 is divided by 51?
46
What is the remainder when 28898 is divided by 58?
14
What is the remainder when 29376 is divided by 40?
16
Calculate the remainder when 80462 is divided by 209.
206
Calculate the remainder when 5063 is divided by 8.
7
What is the remainder when 2680 is divided by 270?
250
What is the remainder when 5738 is divided by 2527?
684
What is the remainder when 9015456 is divided by 1660?
1656
What is the remainder when 596393 is divided by 50?
43
What is the remainder when 16714 is divided by 5567?
13
Calculate the remainder when 7602 is divided by 45.
42
What is the remainder when 3983 is divided by 3883?
100
What is the remainder when 354980 is divided by 32270?
10
Calculate the remainder when 1893954 is divided by 473483.
22
Calculate the remainder when 2517947 is divided by 69.
68
What is the remainder when 27505 is divided by 9142?
79
What is the remainder when 8368 is divided by 334?
18
What is the remainder when 14937 is divided by 3730?
17
What is the remainder when 2181 is divided by 114?
15
What is the remainder when 1614 is divided by 1370?
244
What is the remainder when 8060 is divided by 115?
10
What is the remainder when 440 is divided by 60?
20
Calculate the remainder when 91065 is divided by 30327.
84
What is the remainder when 21309 is divided by 21284?
25
What is the remainder when 31200 is divided by 848?
672
What is the remainder when 15471 is divided by 2209?
8
Calculate the remainder when 10816 is divided by 29.
28
What is the remainder when 9006 is divided by 8931?
75
What is the remainder when 1750 is divided by 656?
438
Calculate the remainder when 2127 is divided by 392.
167
What is the remainder when 2697 is divided by 342?
303
What is the remainder when 118283 is divided by 72?
59
What is the remainder when 6484 is divided by 272?
228
What is the remainder when 8538 is divided by 8524?
14
Calculate the remainder when 40438 is divided by 90.
28
Calculate the remainder when 1056 is divided by 359.
338
What is the remainder when 12513 is divided by 84?
81
What is the remainder when 929 is divided by 78?
71
What is the remainder when 24082 is divided by 1416?
10
Calculate the remainder when 254354 is divided by 31794.
2
What is the remainder when 124950 is divided by 456?
6
Calculate the remainder when 1875 is divided by 14.
13
Calculate the remainder when 12605 is divided by 452.
401
What is the remainder when 55203 is divided by 61?
59
Calculate the remainder when 15178 is divided by 3032.
18
What is the remainder when 58130 is divided by 7258?
66
What is the remainder when 290 is divided by 88?
26
What is the remainder when 10859 is divided by 620?
319
Calculate the remainder when 239129 is divided by 59780.
9
What is the remainder when 35229 is divided by 24?
21
Calculate the remainder when 330059 is divided by 196.
191
What is the remainder when 330 is divided by 100?
30
What is the remainder when 1366 is divided by 43?
33
What is the remainder when 2464 is divided by 52?
20
What is the remainder when 94687 is divided by 59?
51
What is the remainder when 1582 is divided by 752?
78
Calculate the remainder when 12040 is divided by 1739.
1606
What is the remainder when 110907 is divided by 207?
162
Calculate the remainder when 9460 is divided by 394.
4
What is the remainder when 10301 is divided by 14?
11
What is the remainder when 124319 is divided by 56?
55
Calculate the remainder when 75318 is divided by 1299.
1275
Calculate the remainder when 5007 is divided by 4794.
213
What is the remainder when 1860 is divided by 502?
354
What is the remainder when 7062 is divided by 221?
211
What is the remainder when 117950 is divided by 72?
14
What is the remainder when 27724 is divided by 41?
8
What is the remainder when 103736 is divided by 3577?
3
Calculate the remainder when 13732 is divided by 225.
7
What is the remainder when 24963 is divided by 38?
35
What is the remainder when 40804 is divided by 20365?
74
Calculate the remainder when 1509 is divided by 1458.
51
Calculate the remainder when 5451 is divided by 1769.
144
Calculate the remainder when 5422 is divided by 1773.
103
Calculate the remainder when 1619 is divided by 577.
465
What is the remainder when 723513 is divided by 74?
15
Calculate the remainder when 3742 is divided by 80.
62
Calculate the remainder when 22868 is divided by 67.
21
What is the remainder when 2797 is divided by 65?
2
What is the remainder when 2542 is divided by 1264?
14
Calculate the remainder when 1698 is divided by 849.
0
What is the remainder when 186461 is divided by 95?
71
What is the remainder when 1861404 is divided by 206822?
6
Calculate the remainder when 57471 is divided by 2612.
7
Calculate the remainder when 1725 is divided by 1471.
254
Calculate the remainder when 105117 is divided by 80.
77
What is the remainder when 7030 is divided by 2337?
19
What is the remainder when 13793 is divided by 373?
365
Calculate the remainder when 11888 is divided by 192.
176
Calculate the remainder when 289850 is divided by 12077.
2
Calculate the remainder when 4206 is divided by 2094.
18
Calculate the remainder when 1384 is divided by 419.
127
Calculate the remainder when 42823 is divided by 258.
253
What is the remainder when 162852 is divided by 5?
2
What is the remainder when 30380 is divided by 6076?
0
What is the remainder when 2606 is divided by 339?
233
Calculate the remainder when 19290 is divided b